h(-6).
16
Let b(l) = -3*l - 13. Determine b(-5).
2
Let m(h) = -h**2 + 12*h - 13. Determine m(9).
14
Let w(m) = -m**3 + 9*m**2 + 13*m - 24. What is w(10)?
6
Let b(f) = -f - 11. Determine b(-8).
-3
Let p(k) = -2*k + 4. Determine p(-9).
22
Let c(j) = -j**2 - 10*j - 1. Give c(-12).
-25
Let z(j) = -j**2 + 2*j + 12. Give z(-3).
-3
Let g(r) = -44*r**3 + r. Calculate g(-1).
43
Let n(y) = -7*y**2 + 7*y - 6. Calculate n(3).
-48
Let g(s) = s**2 + 4. What is g(-4)?
20
Let w(l) = l + 33. What is w(-5)?
28
Let d(b) = -b**3 - 7*b**2 + 2*b + 4. Give d(-7).
-10
Let l(u) = u**2 - 7*u + 8. Determine l(9).
26
Let p(i) = 21*i**3 + 1. Give p(-1).
-20
Let a(y) = -y - 4. Determine a(6).
-10
Let h(q) = -3*q**2 + 6*q + 6. What is h(5)?
-39
Let s(d) = -d**3 - 7*d**2 + 99*d - 5. Determine s(-14).
-19
Let s(w) = w**3 + 4*w**2 + w + 2. Calculate s(-3).
8
Let h(k) = k - 2. Give h(9).
7
Let q(y) = y**3 - 18*y**2 - 40*y - 2. What is q(20)?
-2
Let r(p) = p**2 + 20*p + 19. Determine r(-1).
0
Let x(j) = -37*j - 249. Calculate x(-7).
10
Let d(c) = c**3 - 10*c**2 + 24*c - 15. What is d(7)?
6
Let n(b) = 2*b**2 + 5*b - 3. What is n(3)?
30
Let k(j) = j**3 + 6*j**2 - 43*j - 247. Calculate k(-7).
5
Let f(w) = 5*w + 13. Calculate f(-4).
-7
Let f(k) = -2*k**2 + 9*k - 8. Give f(4).
-4
Let z(u) = -9*u + 6. What is z(4)?
-30
Let m(r) = -r**2 - 9*r + 18. Calculate m(-11).
-4
Let t(d) = -d**3 + 13*d**2 - 29*d - 30. Determine t(10).
-20
Let u(y) = -y**2 + 78*y - 1040. Calculate u(17).
-3
Let i(x) = -8*x + 24. Determine i(4).
-8
Let y(b) = b**3 + 9*b**2 + 7*b - 6. Calculate y(-8).
2
Let z(x) = -2*x**3 - 16*x**2 - 17*x - 9. Give z(-7).
12
Let r(h) = h**2 - 4*h + 5. Give r(2).
1
Let z(i) = -4*i**2 + 21*i - 2. Determine z(5).
3
Let r(z) = -12*z - 69. Determine r(-11).
63
Let a(f) = -9*f**2 + 3*f + 1. Give a(-1).
-11
Let y(h) = h**2 + 11*h + 16. What is y(0)?
16
Let r(d) = 2*d**2 + 21*d - 61. Calculate r(-13).
4
Let a(z) = 3*z**2 + 13*z - 36. Give a(-6).
-6
Let l(d) = d**3 + 17*d**2 - 18*d - 3. Give l(-18).
-3
Let j(k) = -k**3 - 7*k**2 - 2. Calculate j(-7).
-2
Let d(q) = q**2 - 14*q - 7. Give d(14).
-7
Let m(t) = 3*t**2 + 28*t + 7. What is m(-6)?
-53
Let s(n) = -4*n + 5. What is s(6)?
-19
Let y(t) = t**2 - 2*t - 3. What is y(8)?
45
Let o(t) = -5*t - 21. What is o(-5)?
4
Let n(h) = -h**2 + 12*h - 3. Calculate n(12).
-3
Let r(u) = -11*u - 63. Give r(-8).
25
Let q(d) = d**3 + 5*d**2 - 7*d - 7. Determine q(-6).
-1
Let y(f) = -23*f - 207. Give y(-10).
23
Let k(m) = -3*m + 12. Calculate k(0).
12
Let y(d) = 3*d + 3. Calculate y(-5).
-12
Let a(f) = 7*f - 38. What is a(5)?
-3
Let j(i) = -i**3 + i**2 - 8. What is j(0)?
-8
Let l(p) = 2*p + 2. Give l(4).
10
Let f(m) = -m**2 - 21*m + 19. What is f(-21)?
19
Let g(b) = -3*b + 12. What is g(12)?
-24
Let d(t) = 2*t**3 - 45*t**2 + 22*t + 9. Determine d(22).
9
Let d(r) = r**3 + 8*r**2 + 8*r - 17. Determine d(-5).
18
Let q(u) = -u**2 + u + 50. Calculate q(0).
50
Let w(f) = -f**3 - 28*f**2 - 189*f - 33. Determine w(-17).
1
Let p(g) = g**3 + 20*g**2 + 38*g + 53. Give p(-18).
17
Let c(x) = 10*x**3 + 2*x - 2. Give c(1).
10
Let x(v) = -v**2 - 24*v - 9. Calculate x(-10).
131
Let b(z) = z**3 + 4*z**2 + 6*z + 1. Calculate b(-5).
-54
Let s(m) = -m**3 - 12*m**2 - 7*m + 3. What is s(-11)?
-41
Let v(f) = -f**3 + 9*f**2 + f - 10. Determine v(9).
-1
Let y(r) = -5*r + 106. Determine y(12).
46
Let y(n) = n**3 + 23*n**2 + 76*n. Calculate y(-19).
0
Let k(j) = -j + 12. Calculate k(5).
7
Let n(m) = -m**2 + 28*m - 24. Determine n(15).
171
Let h(v) = v**2 - 5*v + 4. Give h(5).
4
Let i(r) = r**2 + 11*r + 13. What is i(-9)?
-5
Let l(w) = w**3 - 14*w**2 - 29. Calculate l(14).
-29
Let k(l) = -11*l**2 - 77*l - 4. Give k(-7).
-4
Let m(b) = -b**2 + 14*b - 28. Give m(9).
17
Let q(c) = c**3 - 21*c**2 - c + 25. What is q(21)?
4
Let l(w) = -2*w**3 + 16*w**2 + 30*w - 93. What is l(9)?
15
Let r(y) = y**3 + 15*y**2 - 14*y + 27. Calculate r(-16).
-5
Let k(l) = -4*l + 9. Give k(4).
-7
Let o(z) = -z**3 + 2*z**2 - z - 2. Calculate o(2).
-4
Let h(p) = -9*p - 7. What is h(-5)?
38
Let t(p) = -p**3 - 6*p**2 + 2*p + 9. Calculate t(-6).
-3
Let g(q) = q**3 + 54*q**2 - 57*q - 104. What is g(-55)?
6
Let v(a) = -a**2 + 16*a - 14. Determine v(13).
25
Let n(w) = w**3 - 5*w**2 + w - 5. What is n(4)?
-17
Let g(i) = -31*i**3 - i**2 + 2*i - 1. Give g(1).
-31
Let p(n) = -n**2 + 9*n - 5. Give p(9).
-5
Let m(o) = -o**3 - 4*o**2 + 4*o + 13. Calculate m(-4).
-3
Let p(c) = c**3 + 14*c**2 - 16*c + 28. Calculate p(-15).
43
Let m(y) = -12*y - 29. What is m(-17)?
175
Let d(v) = 2*v**2 + 50*v + 16. Determine d(-25).
16
Let d(b) = 37*b + 39. Calculate d(-1).
2
Let h(n) = -3*n**2 + 1. Determine h(3).
-26
Let n(x) = x**3 + 34*x**2 + 34*x + 91. Calculate n(-33).
58
Let s(r) = r**3 + 12*r**2 + 21*r - 1. Calculate s(-10).
-11
Let w(b) = 3*b - 3. Give w(1).
0
Let p(z) = z**3 + 4*z**2 - z - 13. Calculate p(-3).
-1
Let z(h) = -3*h + 25. What is z(11)?
-8
Let l(w) = -w**2 - 9*w + 35. Give l(-11).
13
Let r(z) = -11*z**2 + 29*z + 29. Determine r(-1).
-11
Let c(d) = 2*d**3 + d**2 + 2*d - 2. Calculate c(2).
22
Let t(g) = g**3 + 5*g**2 - 6*g + 6. Give t(-6).
6
Let x(s) = -26*s + 36. Calculate x(1).
10
Let p(h) = 25*h + 21. Determine p(-2).
-29
Let t(z) = -z**3 + 13*z**2 + z - 2. What is t(13)?
11
Let k(z) = z + 72. Give k(-19).
53
Let u(x) = -x**3 + 6*x + 1. What is u(-5)?
96
Let s(g) = 2*g**2 - 12*g - 8. Calculate s(8).
24
Let b(x) = 6*x**3 - 67*x**2 + 12*x - 12. What is b(11)?
-1
Let c(o) = -o**3 - 4*o**2 + o - 5. Determine c(-5).
15
Let j(d) = -d**2 + 2*d + 190. Calculate j(14).
22
Let j(u) = -u + 26. Determine j(17).
9
Let k(w) = 6*w + 10. Calculate k(-3).
-8
Let y(i) = 11*i + 10. Give y(-5).
-45
Let s(p) = -6*p**3 - 2*p**2 - 5*p - 2. Give s(-3).
157
Let x(r) = 3*r. What is x(-5)?
-15
Let l(q) = q**2 - 16*q + 66. Give l(10).
6
Let b(q) = -q**2 - 10*q + 72. Determine b(-15).
-3
Let i(q) = 5*q**2 - 30*q - 1. Determine i(6).
-1
Let r(w) = w**3 + 5*w**2 - 16*w + 4. Give r(-7).
18
Let u(s) = -2*s**2 + 64*s - 77. Calculate u(31).
-15
Let h(q) = -q**3 + 17*q**2 + q - 13. Determine h(17).
4
Let m(f) = f**3 - 5*f**2 + 6*f - 2. Give m(4).
6
Let f(m) = -m - 8. Give f(-4).
-4
Let g(f) = -2*f - 21. Determine g(-11).
1
Let v(w) = -w**3 + 7*w**2 - 5*w - 20. Calculate v(5).
5
Let k(h) = -h**2 + 4*h + 1. Give k(3).
4
Let j(z) = -z**3 - 2*z**2 + 2*z + 3. Give j(-3).
6
Let c(s) = -s**3 + 7*s**2 - s - 7. Determine c(7).
-14
Let a(h) = 2*h**2 + 3*h - 1. Calculate a(-5).
34
Let u(y) = 41*y + 207. Calculate u(-6).
-39
Let g(t) = -t**3 + 10*t**2 - 9*t + 5. Determine g(9).
5
Let z(w) = 4*w + 49. Calculate z(12).
97
Let o(a) = 4*a + 55. Give o(-17).
-13
Let o(b) = b**3 + 4*b**2 - b - 8. Determine o(-3).
4
Let u(d) = 2*d**3 + 12*d**2 + 10*d - 7. What is u(-5)?
-7
Let f(y) = y**2 - 24*y + 51. Determine f(21).
-12
Let h(k) = 4*k**3 - k**2 - 2*k. Determine h(2).
24
Let m(p) = -p**3 - 3*p**2 + 5*p + 7. Determine m(-3).
-8
Let c(l) = -8*l - 3. Give c(-6).
45
Let b(s) = -s**2 + 5*s + 2. Give b(5).
2
Let l(w) = w**3 - 11*w**2 - 10*w - 23. Calculate l(12).
1
Let o(y) = -2*y**2 + 7*y - 7. Give o(4).
-11
Let b(n) = -7*n - 90. Calculate b(-11).
-13
Let x(t) = 2*t**2 - 5*t + 10. Calculate x(5).
35
Let a(h) = -68*h + 339. Determine a(5).
-1
Let r(v) = -2*v**2 + 24*v - 18. What is r(11)?
4
Let r(j) = -5*j - 8. Determine r(-8).
32
Let b(p) = p + 1. Calculate b(-2).
-1
Let h(c) = c**3 - 13*c**2 - 91*c + 14. Give h(18).
-4
Let v(d) = -4*d + 42. Calculate v(16).
-22
Let r(c) = -7*c**2 + c - 3. What is r(1)?
-9
Let i(t) = t - 20. What is i(28)?
8
Let o(i) = i - 11. Determine o(14).
3
Let k(h) = 11*h**3 - 2*h**2 + h. Calculate k(1).
10
Let s(w) = -3*w + 27. What is s(15)?
-18
Let y(o) = -o**3 + 7*o**2 + o - 6. What is y(7)?
1
Let q(z) = -4*z**3 + z**2 + 2*z - 5. Determine q(3).
-98
Let o(i) = -i**2 - 25*i - 104. Give o(-19).
10
Let h(t) = -t**2 - 10*t - 15. Determine h(-8).
1
Let c(n) = 2*n - 2. Give c(-1).
-4
Let x(f) = 6*f. Determine x(1).
6
Let s(i) = -i**2 - 13*i - 35. What is s(-9)?
1
Let d(k) = -k**3 + 9*k**2 - 12*k + 40. Give d(8).
8
Let y(q) = -q**3 - 11*q**2 + 12*q + 2. What is y(-12)?
2
Let i(c) = 4*c + 2. Determine i(-2).
-6
Let o(l) = l + 8. What is o(-13)?
-5
Let q(n) = n**2 + 7*n + 12. Give q(-4).
0
Let h(o) = 61*o**2 - o - 1. Determine h(-1).
61
Let q(y) = 23*y + 61. Cal